eatest common factor of 660 and 29568.
132
Calculate the greatest common factor of 342398 and 14.
14
What is the greatest common divisor of 18 and 10184?
2
Calculate the greatest common divisor of 33757 and 1.
1
What is the highest common factor of 580304 and 16?
16
What is the highest common divisor of 10836 and 47124?
252
Calculate the highest common factor of 26519 and 207.
23
What is the greatest common factor of 35891 and 342?
19
What is the greatest common divisor of 10366 and 4118?
142
Calculate the highest common factor of 90 and 418410.
90
What is the greatest common divisor of 90208 and 896?
32
Calculate the greatest common divisor of 5707 and 39.
13
Calculate the greatest common divisor of 416988 and 14586.
858
Calculate the greatest common factor of 6500 and 195.
65
Calculate the greatest common divisor of 55 and 1245255.
55
Calculate the highest common divisor of 1155 and 1760.
55
Calculate the greatest common divisor of 335467 and 275.
11
What is the greatest common factor of 588 and 186886?
98
What is the greatest common divisor of 440 and 5240?
40
Calculate the greatest common factor of 219552 and 96.
96
Calculate the greatest common divisor of 60480 and 4464.
144
Calculate the highest common factor of 3635 and 135.
5
Calculate the greatest common divisor of 768 and 12936.
24
What is the greatest common divisor of 3073 and 22?
1
Calculate the greatest common divisor of 18190 and 70.
10
What is the greatest common divisor of 1054 and 4896?
34
Calculate the highest common factor of 380 and 17481140.
380
What is the highest common divisor of 2139 and 19481?
23
Calculate the highest common divisor of 30734 and 3454.
22
Calculate the highest common divisor of 1312 and 803600.
656
What is the greatest common factor of 590 and 283082?
118
What is the greatest common divisor of 5396 and 13348?
284
What is the greatest common divisor of 11964 and 108?
12
What is the greatest common divisor of 163430 and 50?
10
Calculate the highest common factor of 1627514 and 202.
202
What is the greatest common factor of 437724 and 2123?
193
What is the highest common factor of 451 and 2078208?
451
What is the greatest common factor of 18250 and 17885?
365
What is the highest common divisor of 23732 and 2312?
68
Calculate the highest common divisor of 6652278 and 2004.
1002
What is the greatest common divisor of 147552 and 14416?
848
What is the highest common divisor of 88 and 3773?
11
What is the greatest common factor of 1384 and 424?
8
Calculate the highest common factor of 287 and 6667584.
287
Calculate the highest common divisor of 168 and 276668.
28
Calculate the highest common factor of 68328 and 8.
8
Calculate the highest common factor of 35685 and 122.
61
What is the highest common divisor of 39342 and 546?
6
Calculate the highest common divisor of 4214 and 3698.
86
Calculate the highest common divisor of 1375 and 166925.
275
Calculate the greatest common divisor of 208 and 733252.
52
Calculate the greatest common divisor of 87009 and 4485.
897
What is the highest common divisor of 24639 and 573?
573
What is the greatest common divisor of 214829 and 17?
17
What is the greatest common divisor of 2821740 and 120?
60
What is the greatest common factor of 32599 and 7?
7
Calculate the highest common factor of 106 and 209.
1
Calculate the greatest common divisor of 88436 and 28.
4
What is the greatest common divisor of 50215 and 330?
55
Calculate the highest common divisor of 163780 and 190.
190
What is the greatest common divisor of 3060 and 1037?
17
Calculate the greatest common divisor of 26 and 5472935.
13
What is the highest common factor of 13720 and 385?
35
Calculate the greatest common factor of 636 and 44096.
212
Calculate the greatest common divisor of 5414773 and 364.
91
Calculate the highest common divisor of 295 and 160.
5
What is the highest common divisor of 1547 and 34748?
119
What is the greatest common divisor of 30865 and 5?
5
What is the greatest common factor of 737 and 10586?
67
What is the greatest common divisor of 154 and 24766?
14
Calculate the highest common factor of 40896 and 5184.
576
What is the greatest common factor of 9 and 275?
1
What is the highest common factor of 342 and 41154?
114
What is the greatest common factor of 30 and 39315?
15
Calculate the greatest common divisor of 47132 and 4.
4
Calculate the highest common divisor of 715 and 44495.
55
What is the highest common divisor of 10830 and 7410?
570
Calculate the greatest common divisor of 590 and 690.
10
Calculate the highest common factor of 86 and 133644.
86
Calculate the highest common divisor of 16877 and 91.
7
What is the highest common divisor of 91982 and 1332?
74
Calculate the highest common divisor of 191 and 88051.
191
What is the highest common divisor of 9540 and 99375?
795
Calculate the highest common divisor of 2439 and 9.
9
What is the greatest common divisor of 9032 and 128?
8
What is the greatest common factor of 139802 and 494?
494
What is the highest common factor of 28260 and 540?
180
What is the highest common divisor of 345 and 3376745?
115
Calculate the highest common factor of 552108 and 2780.
556
What is the highest common divisor of 10329 and 132?
33
What is the highest common factor of 146 and 8948486?
146
Calculate the highest common factor of 1830 and 6570.
30
Calculate the highest common divisor of 15432 and 8328.
24
What is the greatest common factor of 35210 and 21?
7
What is the greatest common factor of 112 and 1350272?
112
What is the greatest common divisor of 6068 and 14800?
148
What is the greatest common factor of 137979 and 9?
9
What is the greatest common factor of 421119 and 243?
243
What is the highest common factor of 20288 and 704?
64
What is the greatest common divisor of 408 and 122216?
8
Calculate the highest common divisor of 1173 and 279243.
69
Calculate the highest common divisor of 119910 and 21.
21
What is the highest common factor of 25 and 3925?
25
Calculate the highest common factor of 24339 and 32025.
1281
Calculate the greatest common divisor of 2533 and 85.
17
What is the greatest common divisor of 1355 and 865?
5
What is the greatest common factor of 104811 and 7843?
713
Calculate the highest common divisor of 5618 and 14310.
106
What is the greatest common factor of 3744 and 112?
16
What is the highest common divisor of 1348818 and 246?
246
Calculate the highest common divisor of 13 and 6175.
13
What is the highest common factor of 2128 and 22876?
532
What is the highest common factor of 726 and 8470?
242
What is the highest common factor of 77108 and 2605?
521
What is the highest common factor of 225 and 5800?
25
Calculate the highest common factor of 62059 and 271.
271
What is the highest common divisor of 41318 and 4088?
146
Calculate the highest common factor of 5148 and 676.
52
What is the greatest common factor of 155960 and 224?
56
Calculate the greatest common factor of 10878 and 101454.
222
What is the highest common divisor of 126 and 141456?
42
What is the highest common factor of 35968 and 384?
128
Calculate the highest common divisor of 10890 and 26010.
90
What is the greatest common factor of 56 and 5128?
8
Calculate the highest common factor of 224 and 178332.
28
What is the highest common divisor of 20 and 2329580?
20
Calculate the highest common divisor of 39 and 46002.
3
Calculate the greatest common factor of 144 and 1241568.
144
Calculate the greatest common divisor of 1567747 and 19.
19
Calculate the greatest common factor of 4998 and 89998.
34
What is the greatest common divisor of 9999987 and 1731?
1731
Calculate the greatest common divisor of 564250 and 37.
37
What is the greatest common divisor of 39 and 2249?
13
Calculate the greatest common factor of 119 and 42959.
119
What is the greatest common factor of 494 and 12688?
26
Calculate the highest common factor of 945 and 2240.
35
What is the greatest common divisor of 530 and 29256?
106
Calculate the highest common divisor of 1605 and 8745.
15
What is the greatest common divisor of 208 and 28976?
16
Calculate the greatest common divisor of 16072 and 1813.
49
Calculate the highest common divisor of 76986 and 387374.
1222
Calculate the greatest common factor of 131878 and 699.
233
Calculate the greatest common divis